hat is the units digit of x?
9
What is the units digit of 1 - -52 - (-5 - (1 - 6))?
3
Suppose -2*v + 285 + 457 = 0. What is the tens digit of v?
7
Let o be (-69)/(-12) + 3/12. Let k(s) = -s**3 + 7*s**2 + 9*s - 15. What is the units digit of k(o)?
5
Suppose 0 = -11*i + 44*i - 68013. What is the thousands digit of i?
2
Suppose -5*s + 10200 = -5*d, 2*s - d - 4101 = -6*d. What is the tens digit of s?
4
Let n(o) = o. Let t be n(0). Let q = t - 20. Let i = -9 - q. What is the units digit of i?
1
Let l = -349 - -405. What is the units digit of l?
6
Let v(k) be the second derivative of 13*k**3/6 - 6*k**2 - 14*k. What is the units digit of v(14)?
0
Let v be 1 + -4*(-6)/8. Let p = 8 - v. Let y = p + 3. What is the units digit of y?
7
Let d be (-4)/(-6) - 26/(-6). Let c(f) = -5*f**2 - 21*f + 1. Let x be c(-4). Suppose -d*u - w = w - 44, x*w - 2 = u. What is the units digit of u?
8
Let w(o) = o**2 - 2*o + 9. Let d(j) = -j**3 - 6*j**2 - 5*j. Let f be d(-5). Suppose -5*c + 36 - 1 = f. What is the tens digit of w(c)?
4
Suppose -101*t + 10865 = -48*t. What is the hundreds digit of t?
2
Let z be (-4 - 84/(-18))*3. Suppose 2*u + 3*u = 5*c - 1680, 8 = z*u. What is the units digit of c?
0
Let v(m) = 0*m**3 + 7*m - m**3 + 0*m**3 - 13 + 7*m**2. What is the tens digit of v(6)?
6
Let i = -14 + 6. What is the units digit of 29 - i - (-1 - 0)?
8
Suppose 0 = -9*x + 6838 - 1321. What is the hundreds digit of x?
6
Let c(j) = -3*j**3 - 13*j**2 + 5*j + 21. Let w = -27 + 24. Let o(h) = 4*h**3 + 12*h**2 - 6*h - 22. Let a(t) = w*c(t) - 2*o(t). What is the tens digit of a(-15)?
2
Suppose 0 = 4*g + 3*c - 322, 71 = g + 2*c - 12. Suppose 4*v = 3*v + g. What is the tens digit of v?
7
Let p(m) = 2514*m**2 - 6*m - 3. What is the tens digit of p(-1)?
1
Suppose 13*t - 1431 = 415. What is the tens digit of t?
4
Let f(s) = -s**3 - s**2. Let x be f(-5). Let y = x + -42. Let g = y + -6. What is the units digit of g?
2
Suppose 22*j = 29874 - 2990. Suppose -6*s + j - 148 = 0. What is the tens digit of s?
7
Suppose -45*j - 408 = -48*j. Suppose 3*n + l = -j + 476, 2*l = 3*n - 346. What is the units digit of n?
4
Suppose 0 = j - 2*y - 4, 3*j + 5*y = -1 - 9. Suppose j = 2*t - 39 - 25. Let v = 50 - t. What is the units digit of v?
8
What is the hundreds digit of (72/(-16))/((-6)/512)?
3
Suppose 5*k = -2*p + 21, -2*k - 6 = p - 5*k. Suppose 0 = s + 5*y - 2*y - 131, -p*s - y = -401. What is the hundreds digit of s?
1
What is the units digit of 8/(-20) - (2 + 2352/(-5))?
8
Let k = 26 - 28. Let h be (-4)/k + 108 + -2. Suppose -4*l = -2*l - h. What is the tens digit of l?
5
Let x(j) = -2*j**3 + j**2 + 11*j + 7. Let w(t) = t**3 - t**2 - 5*t - 4. Let v(p) = 5*w(p) + 3*x(p). What is the tens digit of v(-7)?
9
Suppose 4*b = -60 + 8. Let u(s) = -s**2 - 14*s - 7. Let k be u(b). What is the units digit of (-68)/(-14) + k/42?
5
Let s(l) = 6*l + 585. What is the tens digit of s(-53)?
6
Let x(d) = -d**3 - 2*d**2 + d - 4. Let m be x(-3). Suppose 2*k = 2 - 4, m*j - 4*k = 20. What is the units digit of j?
8
Suppose -5*l = -1693 - 742. What is the hundreds digit of l?
4
Let s be (-1*2)/(4/(-20)). Let g = s + -6. Suppose -52 = -g*b - 5*y, 4*y - 38 = -3*b + 2. What is the units digit of b?
8
Let i = 1069 - 614. What is the hundreds digit of i?
4
Let d(s) = 235*s + 31. What is the tens digit of d(2)?
0
Suppose -18*y + 978 = -15*y. Suppose -25 - y = -3*j. What is the hundreds digit of j?
1
Let c = 79 - 78. Let r be 12/(-8)*-2*1. Let z = c + r. What is the units digit of z?
4
Let c = 11863 + -8021. What is the thousands digit of c?
3
Let x(o) = 21*o**2 + 3*o - 4. Let b be x(-3). Suppose 3*v + 2*z = 257, 3*v - z = v + b. What is the units digit of v?
7
Let j(i) = 22*i**2 - 30*i + 108. What is the hundreds digit of j(14)?
0
Suppose 0 = 2*x - 3*x - 73. Let s = 169 + x. What is the tens digit of s?
9
Suppose -5453 = -76*j + 29963. What is the units digit of j?
6
Let d(u) = 8*u**2 - 94*u + 10. What is the tens digit of d(16)?
5
Suppose -3*q + 0*q + 40 = 5*n, 5*q = -4*n + 45. Suppose -3*w = -10*i + q*i, -3*w = -i - 12. Suppose i*h - 11 = 4. What is the units digit of h?
5
Let y = -2140 + 3380. What is the hundreds digit of y?
2
Suppose -i - 182 = -2*i. Suppose 0*y - 2*y + i = 0. What is the units digit of y?
1
Suppose -3629*x = -3628*x - 1880. What is the thousands digit of x?
1
What is the units digit of 4 - (-4 - -2)/((-20)/(-4110))?
5
Suppose 0*v - 1866 = -6*v. Suppose -v - 625 = -9*x. What is the hundreds digit of x?
1
Suppose -2*j + 1296 = -5*l, j + 0*l = 2*l + 646. What is the tens digit of 32/(-40) - j/(-10)?
6
Suppose 5*w + 7605 = 50*w. What is the tens digit of w?
6
Let j be (-3 - 209)*3/4. Let s = -94 - j. What is the units digit of s?
5
Let t(h) = h**3 + 5*h**2 + 2*h - 3. Suppose 5*b = -3*b - 24. What is the units digit of t(b)?
9
What is the hundreds digit of 1*423 - 1 - (-13)/13?
4
Let v(s) = -3*s**3 + 34*s**2 - 20*s + 9. What is the tens digit of v(8)?
8
Let a(r) = -35*r + 47. What is the units digit of a(-4)?
7
Suppose -o - 4*o + 2*x + 571 = 0, -5*o + 562 = x. What is the units digit of o?
3
Suppose 12 + 0 = -4*z. What is the units digit of -4*(-1 - (z - (-454)/8))?
9
Let t(i) = 4*i**2 + 2*i - 1. Let n = 19 - 7. Let u be (20/15)/(n/27). What is the units digit of t(u)?
1
Let h(m) = -m**3 + 9*m**2 + 14*m - 16. Let c be h(10). Let g = -9 + c. Let f = g + 18. What is the units digit of f?
3
Let q = 1308 - 452. What is the units digit of q?
6
Let l(a) = a**3 + 11*a**2 + 8*a. Suppose -3*n = 17 + 13. What is the units digit of l(n)?
0
Let x(h) = 2*h**3 - 8*h**2 + 3*h - 29. What is the tens digit of x(7)?
8
Suppose -6651 = -9*r + 4887. What is the units digit of r?
2
Suppose 4*q + 35 - 179 = 0. Let t = 25 + q. What is the units digit of t?
1
Suppose 0 = 8*t - 2571 + 163. What is the hundreds digit of t?
3
Let l = -150 - -316. Suppose -4*k - s + 996 = 0, 0 = 2*k - 5*s - 310 - l. What is the units digit of k?
8
Suppose -226548 = -44*u - 19*u. What is the tens digit of u?
9
Let p(g) = 1930*g**2 + 7*g - 5. What is the tens digit of p(1)?
3
Suppose -10*a + 2835 = -5*a - 5*h, -5*a = -4*h - 2838. What is the hundreds digit of a?
5
Let s(d) = -26*d**3 - 9*d - 17. What is the hundreds digit of s(-3)?
7
Suppose b + 68 = -5*l, l + 4*l = -5*b - 60. Let c(k) = -k**2 - 15*k - 9. Let p be c(l). Suppose 0 = -g + p. What is the units digit of g?
5
Suppose 74160 = -17*j + 29*j. What is the tens digit of j?
8
Suppose q = -4*q - 4*b - 16, -2*b - 8 = 0. Suppose 0*a - 4*a + 8 = q. Let n = a - -20. What is the units digit of n?
2
Let b(i) = -i**2 - 3 + 8 + i + 4*i**2. What is the units digit of b(5)?
5
Let w(m) = m**2 - 6*m + 5. Let h(l) = -3*l - 5. Let o be h(-7). Let b be w(o). Suppose 0*f = 5*f - b. What is the units digit of f?
3
Suppose -2*u + 4*f + 3384 = 0, -12*u + 5091 = -9*u - 3*f. What is the tens digit of u?
0
Let h(d) = -2*d**2 - 41*d + 17. Let n(c) = -8*c - 4. Let g be n(2). What is the tens digit of h(g)?
3
Let x = 1733 + -1388. What is the units digit of x?
5
Let u = -221 + 972. What is the tens digit of u?
5
Suppose -505 - 439 = -4*o. What is the tens digit of o?
3
Let f(b) = b - 9. Let p be f(13). Suppose r + 22 = -8. What is the units digit of (r/9)/(p/(-12))?
0
Let h be (-4 - 3859/(-13)) + (-4)/(-26). Suppose 5*y - h = 252. What is the hundreds digit of y?
1
Let b be (-6 - -2 - -5) + 9. Suppose -r + 250 = 14*v - b*v, -r = -5*v - 268. What is the hundreds digit of r?
2
Let c(p) = p**2 + 16*p - 92. What is the tens digit of c(-24)?
0
Suppose 3*i = -3*q - 12, 2*q = -4*i + 5*q + 12. Suppose s = -i*s - 5, -13 = -2*a - 5*s. What is the units digit of a?
9
Let y(o) = 61*o**3 + o**2 + o - 1. Suppose -8*v + 3*v + 5 = 0. What is the units digit of y(v)?
2
Let r(d) be the first derivative of d**3/3 - d**2 + 3*d + 2. Let c be r(-8). Suppose -3*j + 200 = c. What is the units digit of j?
9
Suppose 0 = 3*f + 4*c + c - 11, 0 = 5*c - 5. Suppose -f*t + 86 = -2*h, -5*h = -3*t + 4*t - 25. What is the units digit of t?
0
Suppose 33 + 187 = 4*z. What is the units digit of z?
5
Suppose 4*h + 300 = 6*z - 2*z, 0 = -5*z - 4*h + 384. Let y = 138 - z. What is the tens digit of y?
6
Suppose -2*v + 313 + 15 = -4*b, 0 = 4*v - 3*b - 656. What is the hundreds digit of v?
1
Let m be ((-22)/3)/((-6)/36). Suppose -44 = -4*a - 3*l, -a + 5*a = 2*l + m. Su